*v**2 + 648*v + 2. Determine f(-162).
2
Let j(a) = -520*a - 55122. Calculate j(-106).
-2
Let y(r) = 3*r**2 + 14*r - 2062. Calculate y(46).
4930
Let q(j) = -7282*j - 269437. Calculate q(-37).
-3
Let a(f) = f**3 - 4*f**2 - 346*f - 17. What is a(-17)?
-204
Let n(v) = 114999*v - 4944914. What is n(43)?
43
Let c(n) = -29*n**2 - 206*n + 35. Determine c(-13).
-2188
Let a(z) = -5*z**2 - 442*z + 7171. Calculate a(14).
3
Let m(f) = f**3 + 96*f**2 + 55*f + 24620. What is m(-98)?
22
Let t(j) = j**3 - 97*j**2 + 1536*j + 64. Give t(20).
-16
Let v(u) = u**3 - 43*u**2 - 356*u + 15322. Determine v(43).
14
Let c(v) = -34004*v - 306034. Calculate c(-9).
2
Let u(v) = -10*v**3 - 3*v**2 - 2*v + 39. Calculate u(4).
-657
Let s(w) = w**3 + 124*w**2 + 115*w - 242. Calculate s(-123).
742
Let l(c) = -3649*c - 11122. Calculate l(-3).
-175
Let g(l) = -13*l**2 + 17*l - 17. What is g(7)?
-535
Let m(y) = -y**3 + 54*y**2 + 4654*y - 5447. What is m(100)?
-47
Let t(u) = 3*u**2 + 1636*u - 24735. Give t(-560).
-95
Let y(m) = 195*m - 12165. Give y(66).
705
Let o(g) = -4*g**2 + 2057*g - 246525. Calculate o(324).
39
Let s(q) = -3*q**3 + 254*q**2 + 879*q + 94. What is s(88)?
6
Let d(y) = y**3 + 10*y**2 + 8*y + 91. What is d(-9)?
100
Let y(i) = -4*i**2 - 1271*i - 7118. Determine y(-312).
58
Let z(l) = l**3 - 44*l**2 + 238*l - 94. Give z(6).
-34
Let n(i) = i**3 + 25*i**2 + 62*i + 1341. Give n(-24).
429
Let t(i) = i**2 - 4000*i - 579624. Give t(-140).
-24
Let n(i) = 46*i**2 + 81*i - 327. What is n(4)?
733
Let t(c) = 15*c**2 - 474*c - 475. Calculate t(-1).
14
Let y(l) = -l**3 - 35*l**2 - 116*l + 1112. Calculate y(-30).
92
Let p(m) = -m**3 + 51*m**2 + 15*m - 109. What is p(51)?
656
Let u(b) = -4*b**3 - 4159*b**2 + 1021*b - 19755. Calculate u(-1040).
5
Let v(j) = 31162*j - 186915. Determine v(6).
57
Let l(o) = 3*o**2 - 89*o + 124. Determine l(30).
154
Let u(q) = -49*q**2 - 45260*q + 14784. Determine u(-924).
0
Let n(h) = -h**3 - 101*h**2 + 875*h + 319. Calculate n(-109).
-8
Let p(l) = 88*l**3 + 2*l**2 - 920*l + 2775. Give p(3).
2409
Let n(t) = -2*t**3 - 362*t**2 - 33*t - 5969. Give n(-181).
4
Let u(z) = z**2 + 3540*z - 356539. What is u(98)?
-15
Let y(d) = -4*d**3 - 438*d**2 + 331*d + 12213. Give y(-110).
3
Let k(h) = 10*h**3 - 4199*h**2 - 402*h - 7682. What is k(420)?
-122
Let f(k) = 4*k**2 + 689*k - 5050. What is f(7)?
-31
Let z(s) = -s**2 - 26526*s + 185720. What is z(7)?
-11
Let k(p) = -p**2 + 117706*p + 588558. What is k(-5)?
3
Let y(t) = t**3 - 34*t**2 + 89*t + 284. What is y(32)?
1084
Let z(v) = -14858*v - 133658. What is z(-9)?
64
Let l(k) = -k**3 + 64*k**2 - 615*k - 122. Give l(12).
-14
Let q(b) = 14*b**3 + 457*b**2 - 159*b + 62. Calculate q(-33).
-136
Let q(k) = -8*k**2 - 171*k - 116. Give q(-11).
797
Let d(f) = -28*f**2 - 3669*f - 24464. Give d(-124).
-36
Let j(u) = u**3 + 47*u**2 - 357*u + 9. Determine j(6).
-225
Let w(f) = 82936*f - 580568. Calculate w(7).
-16
Let x(s) = -119675*s - 1077102. What is x(-9)?
-27
Let z(u) = -22*u**2 - 3905*u + 211487. What is z(-221)?
-10
Let r(j) = -2*j**2 + 8884*j - 360883. Give r(41).
-1
Let v(g) = 2*g**2 + 302*g + 8718. Give v(-112).
-18
Let s(g) = 195*g - 4529. Give s(21).
-434
Let y(q) = 2012*q + 112676. What is y(-56)?
4
Let n(i) = 2*i**2 - 10735*i - 1260980. Determine n(-115).
-5
Let l(x) = -x**2 + 24955*x + 3336699. Give l(-133).
-5
Let r(k) = 78*k**2 + 12895*k + 73. Give r(-165).
-4052
Let d(h) = h**2 + 265*h + 5644. Determine d(-23).
78
Let r(y) = -587*y**2 + 42*y + 131. What is r(-2)?
-2301
Let k(z) = 4*z**2 + 203*z - 8366. Calculate k(31).
1771
Let s(z) = -9*z**2 + 62*z - 1655. Give s(15).
-2750
Let d(f) = -f**3 + 116*f**2 - 1565*f + 124978. Calculate d(112).
-126
Let i(c) = c**2 - 291*c + 19104. What is i(99)?
96
Let w(q) = 681*q**2 - 52435*q - 148. Give w(77).
6
Let l(r) = 2*r**3 - 139*r**2 + 2429*r - 56. Give l(34).
454
Let q(z) = z**3 + 144*z**2 - 111*z + 1625. Give q(-145).
-3305
Let m(x) = 186*x - 7467. Determine m(39).
-213
Let z(r) = -30795*r + 62118. What is z(2)?
528
Let z(r) = 6191*r + 15595128. Determine z(-2519).
-1
Let d(i) = 116*i + 20838. Give d(-180).
-42
Let n(h) = -1249*h + 28943. Determine n(23).
216
Let x(m) = -41040*m - 574564. What is x(-14)?
-4
Let z(a) = 33911*a - 339126. Give z(10).
-16
Let k(d) = -d**3 + 17*d**2 - 37*d + 726. Determine k(17).
97
Let z(v) = -v**3 - 37*v**2 + 2134*v + 68614. Determine z(-29).
0
Let v(j) = -j**3 + 691*j**2 + 70309*j - 14834. Give v(781).
5
Let v(s) = -1029*s - 1668. Give v(-2).
390
Let n(a) = 2*a**3 - 5501*a**2 - 44142*a + 10. Determine n(-8).
58
Let z(i) = -6433*i + 8954736. What is z(1392)?
0
Let z(q) = 3*q**3 + 20*q**2 + 79*q + 129. Calculate z(-3).
-9
Let u(c) = 4117*c**2 + 16467*c + 5. What is u(-4)?
9
Let q(f) = 191*f + 251. What is q(-5)?
-704
Let g(h) = -810664*h + 1621295. What is g(2)?
-33
Let r(o) = -3*o**2 + 9*o - 34. Determine r(6).
-88
Let u(d) = 2*d**3 - 66*d**2 + 490*d - 14390. Give u(32).
-758
Let z(a) = -6*a**3 - 551*a**2 - 458*a - 231. Give z(-91).
42
Let z(x) = -2*x**3 + 655*x**2 - 254*x - 23871. Give z(327).
0
Let s(y) = 963*y - 3680. Calculate s(4).
172
Let v(j) = -3858*j - 563673. Determine v(-146).
-405
Let u(n) = 26*n**3 - n**2 - 291*n + 292. Calculate u(1).
26
Let h(r) = -8989*r - 71649. Calculate h(-8).
263
Let z(f) = -f**2 + 933*f - 29024. Give z(31).
-1062
Let o(p) = -2879*p + 17204. What is o(6)?
-70
Let c(p) = 1045*p**2 + 21952*p + 152. What is c(-21)?
5
Let o(z) = -z**3 + 2532*z**2 - 55232*z + 263. Calculate o(22).
-1
Let c(d) = -2*d**3 - 2*d**2 + 806*d - 6270. Determine c(8).
-974
Let q(v) = 74541*v + 2012604. Calculate q(-27).
-3
Let u(r) = -r**2 + 77*r + 17247. Determine u(-102).
-1011
Let g(h) = h**3 - 121*h**2 + 1831*h + 2375. What is g(103)?
6
Let x(r) = 185*r**2 - 11915*r + 4778. Calculate x(64).
-22
Let p(r) = 14288*r + 5343683. Give p(-374).
-29
Let j(x) = 2*x**3 - 135*x**2 - 168*x - 549. Give j(69).
2142
Let t(s) = s**2 - 186*s - 2839. Calculate t(-14).
-39
Let g(z) = -z**3 - 243*z**2 - 5054*z + 1332. What is g(-220)?
12
Let f(v) = 14945*v + 4603025. What is f(-308)?
-35
Let y(c) = c**2 - 15274*c - 321206. Give y(-21).
-11
Let i(c) = -c**3 - 110*c**2 - 484*c + 4311. Calculate i(-105).
6
Let r(d) = 1515909*d - 13643186. Give r(9).
-5
Let k(x) = -984*x + 110186. What is k(112)?
-22
Let r(z) = -3985*z + 19611. Determine r(5).
-314
Let o(s) = -555*s + 18368. Give o(34).
-502
Let w(v) = 3*v**2 - 349*v + 161. Determine w(104).
-3687
Let j(w) = 96*w + 21807. What is j(-231)?
-369
Let b(q) = -7714*q - 108079. Determine b(-14).
-83
Let c(f) = -21*f**2 + 3990*f - 30. Give c(0).
-30
Let j(a) = a**2 + 7500*a + 44973. Give j(-6).
9
Let b(i) = 560460*i + 5604594. Determine b(-10).
-6
Let p(a) = -6*a**3 - 12*a**2 + 32*a - 63. What is p(2)?
-95
Let a(q) = -4*q**2 - 82*q + 7. Calculate a(-3).
217
Let c(z) = 233*z + 40739. Determine c(-174).
197
Let a(j) = -j**2 - 988*j + 25284. What is a(25)?
-41
Let m(q) = -q**3 - 132*q**2 - 4162*q - 277. What is m(-52)?
-173
Let b(y) = 965*y + 11256. Give b(-12).
-324
Let g(d) = -d**2 + 252*d - 2075. What is g(9)?
112
Let c(k) = -k**3 - 638*k**2 + 2020*k. Calculate c(3).
291
Let l(b) = -246*b - 23. Calculate l(0).
-23
Let w(j) = -32052*j + 160211. Give w(5).
-49
Let q(r) = 532859*r - 8525744. Determine q(16).
0
Let t(k) = 532*k - 3068. Calculate t(6).
124
Let u(x) = x**3 - 38*x**2 - 48*x + 179. What is u(39)?
-172
Let b(w) = w**3 - 40*w**2 - 5254*w - 1593. Determine b(-55).
2
Let m(i) = 19*i**2 - 2237*i - 555. What is m(118)?
35
Let w(k) = -27*k**2 + 16*k + 27. Calculate w(-2).
-113
Let m(h) = h**3 + 60*h**2 + 511*h + 34. Determine m(-10).
-76
Let r(u) = 2*u**3 - 1059*u**2 + 5767*u - 1577. What is r(524)?
-5
Let z(a) = -33339*a - 333447. Calculate z(-10).
-57
Let s(h) = h**2 + 102*h + 2541. Determine s(-59).
4
Let p(d) = -3002*d - 5980. Determine p(-2).
24
Let d(r) = -435*r + 77164. Calculate d(182).
-2006
Let c(r) = 20*r**2 + 1356*r - 1391. Determine c(-69).
265
Let z(w) = 22084*w + 331232. What is z(-15)?
-28
Let t(q) = 641*q**2 + 280*q + 284. What is t(-1)?
645
Let a(i) = -2*i**3 - 38*i**2 - 702*i - 16504. Calculate a(-21).
2
Let w(r) = 724306*r + 5070148. What is w(-7)?
6
Let m(z) = -z**3 - 18*z**2 - 8*z - 1213. Determine m(-24).
2435
Let b(x) = 10449*x + 10424. Calculate b(-1).
-25
Let y(j) = 26516*j**2 - 18